1396. Let y = z - -2389. What is the tens digit of y?
8
Let i = 24 + -64. Let w = i + 139. What is the tens digit of w?
9
Let q(f) be the third derivative of f**6/60 + 13*f**5/120 + 13*f**4/12 - 23*f**2. Let r(p) be the second derivative of q(p). What is the units digit of r(5)?
3
Let x = 720 + -509. Let j = 403 - x. What is the units digit of j?
2
Let q(g) = 10*g**2 - 4*g - 4. Let d be q(-4). Let y be (-128234)/1067 - 2/(-11). Let o = d + y. What is the units digit of o?
2
Suppose 36*i - 7610 = 4954. Suppose h - 2 = 2. Suppose -5*k + 5*c + 846 = -i, -c = -h*k + 941. What is the units digit of k?
4
Let v be 2/5 - (-7764)/(-10). Let d be (-4894)/9 - (-5 + (-329)/(-63)). Let i = d - v. What is the tens digit of i?
3
Let q(r) = -r**2 - 84*r + 286. What is the tens digit of q(-34)?
8
Suppose -10*a + 11 = -5*a - 3*l, -a = -2*l - 5. Let h be -5 + 1 + 20/(a - -3). What is the tens digit of 2 - -198 - (-6)/(2/h)?
0
Let y = 343 + -339. Suppose 5*h + 5*b - 769 = y*h, b - 3 = 0. What is the tens digit of h?
5
Suppose 12 = 2*u + g, 0 = 3*u - 2*g + g - 23. Suppose 11*v + 36 = u*v. What is the tens digit of (-9)/(v/(-2)) - -93?
9
Let c(b) = 386 - 225*b + 219*b - 23. What is the units digit of c(49)?
9
Let i = 19049 + -9198. What is the hundreds digit of i?
8
Let f(o) = -16*o**2 + 5*o + 12. Let l be f(-7). Let y = -352 - l. What is the tens digit of y?
5
Suppose -4*o + 0*o = 12. Let h = -66 - -112. Let u = o + h. What is the tens digit of u?
4
Let s be (5 + -8 - -248) + -4*1. Suppose 2*j - 32 + 265 = 3*o, -2*j = 3*o - s. What is the units digit of o?
9
Suppose 87657 = 5*y + 432*u - 433*u, u - 87653 = -5*y. What is the units digit of y?
1
Let w(o) = 37*o**3 - 6*o**2 - 20*o - 21. What is the tens digit of w(6)?
3
Let z = -57 - -9. Let w be z/(-4) - (0 + -1). Suppose -w = -2*i + 5. What is the units digit of i?
9
Let c be (-1 + 40/5)/1. Suppose 3*x + x - c*x = 0. Let l(g) = g**2 + 40. What is the units digit of l(x)?
0
Let v be 22/(-77) + 51/7. Let t be 24/6 - (v + 1). Let w(c) = 3*c**2 + 9*c - 3. What is the units digit of w(t)?
9
Let y(v) = v**2 - 6*v - 26. Suppose 20*t - 11 = 19*t. What is the tens digit of y(t)?
2
Let n = -190 + 183. What is the tens digit of ((-23)/5 - n)*335?
0
Let i(j) = -399 + 373 + 22*j + 8*j**2 - j**3 - 3*j**2. What is the units digit of i(6)?
0
Suppose -i = -3*y + 2613, 54 = -4*i + 78. What is the units digit of y?
3
Suppose 5*p - 10*h = -7*h - 6, -2 = 5*p - h. Suppose p = r - 1050 + 355. What is the units digit of r?
5
Suppose d = 0, -5*u + d + 2 + 38 = 0. Let q(j) = j**3 - 13*j**2 + 9*j - 6. Let g(x) = x**2 - x. Let p(n) = 5*g(n) + q(n). What is the tens digit of p(u)?
2
Suppose -4*q - 9 = -5*f, 4*q = -5*f - 15 + 56. What is the hundreds digit of -1 + 14/q + (-949081)/(-686)?
3
Let x(m) = 287*m + 3308. What is the ten thousands digit of x(42)?
1
Suppose 64*f + 2778 = 70*f. Let c = f + -244. What is the hundreds digit of c?
2
Suppose -3*d - 2*l + 45418 = 0, 4*l + 75703 = 5*d + l. What is the hundreds digit of d?
1
Suppose 0 = 10*u - 2971 - 4589. Suppose 124 = -4*n + u. What is the tens digit of n?
5
Let t be 33296/(-48) - (4/(-6))/(-2). What is the tens digit of (t/(-6))/((-8)/(-24))?
4
Let b(p) = 3*p**2 - 8 + 13 + p - 7 - 14. Let g be b(4). What is the tens digit of g*(-8)/(-64)*4/1?
1
Let m be 6579/645 + -1*2/10. Suppose 29*q - 3686 = m*q. What is the units digit of q?
4
Let b be ((2 + -1)*0)/(-2 + 1). Suppose 0 = -v - b*j - j + 2, 2*v + 3*j = 0. Suppose -v*x - 5 = -7*x. What is the units digit of x?
5
Let b(z) be the second derivative of 1/20*z**5 + 13/12*z**4 + 0*z**2 - 3*z**3 + 0 + 18*z. What is the units digit of b(-14)?
6
Suppose 0 = -w - 33 + 7. Let h = -91 - w. Let l = h - -145. What is the units digit of l?
0
Suppose 5*x + 385 = -515. Let q = x - -377. What is the tens digit of q?
9
Let n = 11053 + -3716. What is the tens digit of n?
3
Suppose 0 = -6*u - 37 + 49. What is the tens digit of ((-54)/81)/(u/(-1710))?
7
Let m = 125278 + -68233. What is the hundreds digit of m?
0
Let a = 28 - 27. Let o(b) = 3*b**2 + a - 4 + 2*b - 1 + 0*b**2. What is the tens digit of o(-4)?
3
Suppose 4*s = 5*w + 1223, 1532 = 9*s - 4*s - 3*w. Let p = 738 - s. What is the hundreds digit of p?
4
Suppose -5*t - 3*x + 1969 = 0, -4*x + 1063 + 125 = 3*t. Suppose 0 - t = 2*w. Let s = -80 - w. What is the tens digit of s?
1
Let t be (7/((-56)/(-60)))/(1/2). Suppose -5*i + 2*i = -t. Suppose 10*l = i*l + 515. What is the units digit of l?
3
Let j be (-48)/216 + (-2293)/9. Let x = j - -404. What is the tens digit of x?
4
Suppose -5*q - 20 = 0, 37*q = h + 40*q - 575. What is the hundreds digit of h?
5
Let u be 3 + -6 + (9 - 2). Suppose u*h + 4*a - 5 = 67, h + 2*a = 20. What is the units digit of h?
6
Suppose 0 = -12*p - 20917 + 90745. What is the hundreds digit of p?
8
Suppose 14*o - 3*k - 15432 = 13*o, -3*o - 3*k = -46224. What is the thousands digit of o?
5
Let i(g) = -2*g**3 - 6*g**2 - g - 26. Suppose 11*a + 16 = -83. Let f be i(a). Suppose 0 = -d + 3*r + 191, -d - 4*d + f = 3*r. What is the hundreds digit of d?
1
Suppose 326279 = 34*p - 73731. What is the thousands digit of p?
1
Let j(h) = -5*h - 9. Let d be j(-6). Suppose -19*g - 4 = -d*g. Suppose -s + g*l = -155, 2*s + 465 = 5*s - 3*l. What is the hundreds digit of s?
1
Let q(x) = 9 - 28*x + 4*x**3 + 10*x**2 + x**3 - 3*x**3 - x**3. Let u be -13 - (-5 + 2) - 2. What is the tens digit of q(u)?
5
Let l = 2 + 80. Suppose 0 = -l*w + 72*w + 2960. What is the units digit of w?
6
Suppose 2*x = 4*l - 11 - 1, l - 4 = 0. Suppose 3*m + q - 1 = 0, -x*m + 2*q + 4 = 6*q. What is the tens digit of (48/(-30) + m)*(-115)/2?
9
Suppose 2*n + 1 + 7 = 0. Let g(i) = -i**3 - 3*i**2 + 3*i - 1. Let q be g(n). Suppose 0*f + 240 = q*f. What is the tens digit of f?
8
Suppose 8*s - 283553 = -48873. Suppose -23*o + 2911 = -s. What is the hundreds digit of o?
4
Suppose 21*x + 28*x - 75945 = 93252. What is the thousands digit of x?
3
Suppose -4*j = 27*j + 12*j - 475408. What is the tens digit of j?
5
Let f = -298 + 187. Let s = f + 115. Suppose -s*t = -6*t + 112. What is the units digit of t?
6
Let r = -696 - -722. Let v(b) = -b**3 + 26*b**2 + 22*b + 49. What is the hundreds digit of v(r)?
6
Let a(k) = -k**3 - 4*k**2 - k + 2. Let d be a(0). Let o = -12 + 17. Suppose 309 = o*m - 2*y, 3*m - d*m - 63 = y. What is the tens digit of m?
6
Let x(p) be the first derivative of -9*p**4/4 - p**3/3 - 5*p**2/2 - 4*p + 1. Let l be ((-4)/3)/((-2)/(-3)). What is the tens digit of x(l)?
7
Let n = 618 + -608. Suppose 4*m - 1685 = 3*b, -n*b = -8*b - 10. What is the hundreds digit of m?
4
Let u(p) be the first derivative of -p**3/3 - 3*p**2 + 14*p - 19. Let x be u(-11). Let y = x + 80. What is the units digit of y?
9
Let s = 1015 + 3584. What is the units digit of (-174)/(-145) - s/(-5)?
1
Let v(g) = -64*g + 9*g**2 + 11*g**2 - 103*g + 186 + 133*g - 7*g**2. What is the hundreds digit of v(6)?
4
Suppose -162*n + 4978506 = 4*n. What is the ten thousands digit of n?
2
Let z be (2/(-4))/(1/2). Let m(h) = 7*h**2 - 4*h - 6. Let n be m(z). Suppose -118 = -s - n*a, -s + 4*a + 430 = 2*s. What is the tens digit of s?
3
Let q(y) = 18*y**2 + 2*y + 6. Let o = 8 - 5. Let x be q(o). Suppose x = 8*h - 5*h. What is the units digit of h?
8
Suppose -2*w + 72810 = -5*d, 4*d + 145584 = -92*w + 96*w. What is the ten thousands digit of w?
3
Let h(k) = -k**3 + 20*k**2 + 38*k - 2. Let a be h(12). Let u = a - 847. What is the units digit of u?
9
Suppose -2*t = 8, 2*j + 7*t = 4*t + 3578. Suppose 5*m + 5*c - j = 0, -4*m + 1815 = m + c. What is the tens digit of m?
6
Suppose -2*r - q + 951 = -26, 0 = 2*r - 5*q - 971. Let w = r + -175. What is the units digit of w?
3
Let i = -52 - -46. Let t be (13 + -4)/(i/4). What is the tens digit of (-2)/t + 2/(6/245)?
8
Suppose 122*h - 2026684 - 2563676 = 2*h. What is the tens digit of h?
5
What is the tens digit of (-411936)/(-22) + 140/(-385)?
2
What is the units digit of 14/(224/6704)*43?
7
Suppose 2*y = 112 + 1024. Let p = -566 + y. What is the units digit of p?
2
Let k(l) = 17*l**3 + 2*l**2 - 6*l + 12. Let f = -124 + 127. What is the hundreds digit of k(f)?
4
Let j = -5245 + 7656. What is the hundreds digit of j?
4
What is the hundreds digit of 5033 + (1 + -1)*((-21)/14 - -2)?
0
Let z be -158 + (2 - -1)/(36/24). Let a = z + 19. Let y = 2